{"id":6579,"date":"2021-02-10T09:41:21","date_gmt":"2021-02-10T09:41:21","guid":{"rendered":"https:\/\/petitapetit.co\/?post_type=product&amp;p=6579"},"modified":"2021-02-10T09:41:21","modified_gmt":"2021-02-10T09:41:21","slug":"monami-canta-siyah","status":"publish","type":"product","link":"https:\/\/otheroriginals.com\/index.php\/product\/monami-canta-siyah\/","title":{"rendered":"Monami \u00c7anta (\u00d6rdek Ba\u015f\u0131 Ye\u015fili)"},"content":{"rendered":"","protected":false},"excerpt":{"rendered":"<p>Ana G\u00f6vde: Vegan Deri<\/p>\n<p>B\u00fczg\u00fcl\u00fc A\u011f\u0131z Kapak: Polyester Guderi<\/p>\n<p>Sap: Koton-polyester kar\u0131\u015f\u0131ml\u0131 dayan\u0131kl\u0131 kordon ip olup uzunlu\u011fu\u00a0130 cm\u2019dir<\/p>\n<p>Not: Uzay\u0131p k\u0131salt\u0131labilir.<\/p>\n<p>En: 30 cm<\/p>\n<p>Boy: 17 cm<\/p>\n<p>Derinlik: 11\u00a0cm<\/p>\n<p>Sap: 130 cm<\/p>\n","protected":false},"featured_media":7220,"comment_status":"closed","ping_status":"closed","template":"","meta":{"om_disable_all_campaigns":false,"_mi_skip_tracking":false,"_monsterinsights_sitenote_active":false,"_monsterinsights_sitenote_note":"","_monsterinsights_sitenote_category":0},"product_cat":[42,43],"product_tag":[],"aioseo_notices":[],"_links":{"self":[{"href":"https:\/\/otheroriginals.com\/index.php\/wp-json\/wp\/v2\/product\/6579"}],"collection":[{"href":"https:\/\/otheroriginals.com\/index.php\/wp-json\/wp\/v2\/product"}],"about":[{"href":"https:\/\/otheroriginals.com\/index.php\/wp-json\/wp\/v2\/types\/product"}],"replies":[{"embeddable":true,"href":"https:\/\/otheroriginals.com\/index.php\/wp-json\/wp\/v2\/comments?post=6579"}],"wp:featuredmedia":[{"embeddable":true,"href":"https:\/\/otheroriginals.com\/index.php\/wp-json\/wp\/v2\/media\/7220"}],"wp:attachment":[{"href":"https:\/\/otheroriginals.com\/index.php\/wp-json\/wp\/v2\/media?parent=6579"}],"wp:term":[{"taxonomy":"product_cat","embeddable":true,"href":"https:\/\/otheroriginals.com\/index.php\/wp-json\/wp\/v2\/product_cat?post=6579"},{"taxonomy":"product_tag","embeddable":true,"href":"https:\/\/otheroriginals.com\/index.php\/wp-json\/wp\/v2\/product_tag?post=6579"}],"curies":[{"name":"wp","href":"https:\/\/api.w.org\/{rel}","templated":true}]}}